{"id":1195,"date":"2017-07-01T00:02:18","date_gmt":"2017-06-30T22:02:18","guid":{"rendered":"http:\/\/www.kriesi.at\/themes\/enfold\/?page_id=1195"},"modified":"2024-03-04T23:08:31","modified_gmt":"2024-03-04T22:08:31","slug":"sicherheit-in-frankfurt","status":"publish","type":"page","link":"https:\/\/mahschliesstechnik.de\/index.php\/sicherheit-in-frankfurt\/","title":{"rendered":"Sicherheit in Frankfurt"},"content":{"rendered":"\n<style type=\"text\/css\" data-created_by=\"avia_inline_auto\" id=\"style-css-av-av_one_full-6126cab7d8fab8d08143dd2dacdf673c\">\n.flex_column.av-av_one_full-6126cab7d8fab8d08143dd2dacdf673c{\nborder-radius:0px 0px 0px 0px;\npadding:0px 0px 0px 0px;\n}\n<\/style>\n<div  class='flex_column av-av_one_full-6126cab7d8fab8d08143dd2dacdf673c av_one_full  avia-builder-el-0  el_before_av_hr  avia-builder-el-first  first flex_column_div av-zero-column-padding  '     ><style type=\"text\/css\" data-created_by=\"avia_inline_auto\" id=\"style-css-av-av_heading-7af0a6cb601fbec01706de28c941ade8\">\n#top .av-special-heading.av-av_heading-7af0a6cb601fbec01706de28c941ade8{\npadding-bottom:10px;\n}\nbody .av-special-heading.av-av_heading-7af0a6cb601fbec01706de28c941ade8 .av-special-heading-tag .heading-char{\nfont-size:25px;\n}\n.av-special-heading.av-av_heading-7af0a6cb601fbec01706de28c941ade8 .av-subheading{\nfont-size:10px;\n}\n<\/style>\n<div  class='av-special-heading av-av_heading-7af0a6cb601fbec01706de28c941ade8 av-special-heading-h2 meta-heading blockquote modern-quote  avia-builder-el-1  avia-builder-el-no-sibling '><h2 class='av-special-heading-tag '  itemprop=\"headline\"  >LASSEN SIE SICH VON UNSEREN PRODUKTEN UND LEISTUNGEN \u00dcBERZEUGEN<\/h2><div class=\"special-heading-border\"><div class=\"special-heading-inner-border\"><\/div><\/div><\/div><\/div>\n\n<style type=\"text\/css\" data-created_by=\"avia_inline_auto\" id=\"style-css-av-av_hr-1deae294de86921cadf9622fb2da0879\">\n#top .hr.hr-invisible.av-av_hr-1deae294de86921cadf9622fb2da0879{\nheight:25px;\n}\n<\/style>\n<div  class='hr av-av_hr-1deae294de86921cadf9622fb2da0879 hr-invisible  avia-builder-el-2  el_after_av_one_full  el_before_av_two_third '><span class='hr-inner '><span class=\"hr-inner-style\"><\/span><\/span><\/div>\n\n<style type=\"text\/css\" data-created_by=\"avia_inline_auto\" id=\"style-css-av-av_two_third-6126cab7d8fab8d08143dd2dacdf673c\">\n.flex_column.av-av_two_third-6126cab7d8fab8d08143dd2dacdf673c{\nborder-radius:0px 0px 0px 0px;\npadding:0px 0px 0px 0px;\n}\n<\/style>\n<div  class='flex_column av-av_two_third-6126cab7d8fab8d08143dd2dacdf673c av_two_third  avia-builder-el-3  el_after_av_hr  el_before_av_one_third  first flex_column_div av-zero-column-padding  '     ><section  class='av_textblock_section av-av_textblock-396ddf1f42196ca838231e61a4602801 '   itemscope=\"itemscope\" itemtype=\"https:\/\/schema.org\/CreativeWork\" ><div class='avia_textblock'  itemprop=\"text\" ><p>Unser Unternehmen, mit Hauptquartier im Herzen von Frankfurt am Main und einer Niederlassung in Mannheim, hat sich auf Sicherheitstechnik spezialisiert. Dies umfasst modernste Zutrittstechnologien sowie Sicherheitsl\u00f6sungen f\u00fcr T\u00fcren, Fenster und Zusatzsicherungen aller Art.<\/p>\n<p><strong>MAH Schliesstechnik in Frankfurt<\/strong> ist Ihr erfahrener Experte f\u00fcr Sicherheitsfragen. Seit einem Jahrzehnt unterst\u00fctzen wir Unternehmen, Architekten und Privatkunden bei der Entwicklung individueller Sicherheitsl\u00f6sungen.<\/p>\n<blockquote>\n<p><strong>Unser Auftragsgebiet erstreckt sich \u00fcber die gesamte Bundesrepublik Deutschland, Niederlande, Belgien und die Schweiz.<br \/>\n<\/strong><em>Die Kernzone bildet das Rhein-Main-Gebiet, dennoch legen wir j\u00e4hrlich \u00fcber 200.000 km in Ihrem Auftrag zur\u00fcck.<\/em><strong><br \/>\n<\/strong><\/p>\n<\/blockquote>\n<p>Dank unserer umfassenden Berufserfahrung und vielf\u00e4ltigen Expertisen sind unsere Mitarbeiter optimal qualifiziert und Ihre Ansprechpartner f\u00fcr digitale und mechanische Schlie\u00dfanlagen, Briefk\u00e4sten, Tresore, Beschilderungen und T\u00fcr\u00f6ffnungen.<\/p>\n<p>Der Rundum-Service von <em>MAH<\/em> wird individuell an Ihren Bed\u00fcrfnissen und Objekten ausgerichtet, unabh\u00e4ngig davon, ob es sich um private oder gewerbliche Anforderungen handelt.<\/p>\n<\/div><\/section><\/div>\n<style type=\"text\/css\" data-created_by=\"avia_inline_auto\" id=\"style-css-av-av_one_third-0aa7055fe62c3622faec82866afbaeb2\">\n.flex_column.av-av_one_third-0aa7055fe62c3622faec82866afbaeb2{\nborder-radius:0px 0px 0px 0px;\npadding:0px 0px 0px 0px;\n}\n<\/style>\n<div  class='flex_column av-av_one_third-0aa7055fe62c3622faec82866afbaeb2 av_one_third  avia-builder-el-5  el_after_av_two_third  el_before_av_hr  flex_column_div av-zero-column-padding  '     ><p><section  class='av_textblock_section av-av_textblock-396ddf1f42196ca838231e61a4602801 '   itemscope=\"itemscope\" itemtype=\"https:\/\/schema.org\/CreativeWork\" ><div class='avia_textblock'  itemprop=\"text\" ><p><strong>Unsere Leistungen im \u00dcberblick:<\/strong><\/p>\n<ul>\n<li>T\u00fcr\u00f6ffnungen<\/li>\n<li>Schl\u00fcsselbestellservice<br \/>\n(auch direkt auf dieser Seite)<\/li>\n<li>Einbau und Wartung von Schlie\u00dfanlagen<\/li>\n<li>Tresore<\/li>\n<li>Paket- und Briefk\u00e4sten<\/li>\n<li>Beschilderungen<\/li>\n<\/ul>\n<\/div><\/section><br \/>\n\n<style type=\"text\/css\" data-created_by=\"avia_inline_auto\" id=\"style-css-av-av_hr-1deae294de86921cadf9622fb2da0879\">\n#top .hr.hr-invisible.av-av_hr-1deae294de86921cadf9622fb2da0879{\nheight:25px;\n}\n<\/style>\n<div  class='hr av-av_hr-1deae294de86921cadf9622fb2da0879 hr-invisible  avia-builder-el-7  el_after_av_textblock  el_before_av_button '><span class='hr-inner '><span class=\"hr-inner-style\"><\/span><\/span><\/div><br \/>\n<div  class='avia-button-wrap av-av_button-d6f474d0a23b87d71e805671c73cb871-wrap avia-button-left  avia-builder-el-8  el_after_av_hr  avia-builder-el-last '><a href='https:\/\/mahschliesstechnik.de\/index.php\/sicherheit-in-frankfurt\/referenzen\/'  class='avia-button av-av_button-d6f474d0a23b87d71e805671c73cb871 av-link-btn avia-icon_select-no avia-size-large avia-position-left avia-color-theme-color'   aria-label=\"Unsere Referenzen\"><span class='avia_iconbox_title' >Unsere Referenzen<\/span><\/a><\/div><\/p><\/div><\/p>\n\n<style type=\"text\/css\" data-created_by=\"avia_inline_auto\" id=\"style-css-av-av_hr-1deae294de86921cadf9622fb2da0879\">\n#top .hr.hr-invisible.av-av_hr-1deae294de86921cadf9622fb2da0879{\nheight:25px;\n}\n<\/style>\n<div  class='hr av-av_hr-1deae294de86921cadf9622fb2da0879 hr-invisible  avia-builder-el-9  el_after_av_one_third  el_before_av_one_full '><span class='hr-inner '><span class=\"hr-inner-style\"><\/span><\/span><\/div>\n\n<style type=\"text\/css\" data-created_by=\"avia_inline_auto\" id=\"style-css-av-av_one_full-6126cab7d8fab8d08143dd2dacdf673c\">\n.flex_column.av-av_one_full-6126cab7d8fab8d08143dd2dacdf673c{\nborder-radius:0px 0px 0px 0px;\npadding:0px 0px 0px 0px;\n}\n<\/style>\n<div  class='flex_column av-av_one_full-6126cab7d8fab8d08143dd2dacdf673c av_one_full  avia-builder-el-10  el_after_av_hr  el_before_av_hr  first flex_column_div av-zero-column-padding  '     ><style type=\"text\/css\" data-created_by=\"avia_inline_auto\" id=\"style-css-av-av_image-c5c5142e8b90e906f36991b9692a6e8d\">\n.avia-image-container.av-av_image-c5c5142e8b90e906f36991b9692a6e8d img.avia_image{\nbox-shadow:none;\n}\n.avia-image-container.av-av_image-c5c5142e8b90e906f36991b9692a6e8d .av-image-caption-overlay-center{\ncolor:#ffffff;\n}\n<\/style>\n<div  class='avia-image-container av-av_image-c5c5142e8b90e906f36991b9692a6e8d av-styling- avia-align-center  avia-builder-el-11  avia-builder-el-no-sibling '   itemprop=\"image\" itemscope=\"itemscope\" itemtype=\"https:\/\/schema.org\/ImageObject\" ><div class=\"avia-image-container-inner\"><div class=\"avia-image-overlay-wrap\"><img fetchpriority=\"high\" class='wp-image-5891 avia-img-lazy-loading-not-5891 avia_image ' src='https:\/\/mahschliesstechnik.de\/wp-content\/uploads\/2021\/07\/Architekten_Banner_Landing_Page_1920x392_0519_4klein.jpg' alt='' title='Architekten_Banner_Landing_Page_1920x392_0519_4klein'  height=\"367\" width=\"1800\"  itemprop=\"thumbnailUrl\"  \/><\/div><\/div><\/div><\/div>\n\n<style type=\"text\/css\" data-created_by=\"avia_inline_auto\" id=\"style-css-av-av_hr-1deae294de86921cadf9622fb2da0879\">\n#top .hr.hr-invisible.av-av_hr-1deae294de86921cadf9622fb2da0879{\nheight:25px;\n}\n<\/style>\n<div  class='hr av-av_hr-1deae294de86921cadf9622fb2da0879 hr-invisible  avia-builder-el-12  el_after_av_one_full  el_before_av_two_third '><span class='hr-inner '><span class=\"hr-inner-style\"><\/span><\/span><\/div>\n\n<style type=\"text\/css\" data-created_by=\"avia_inline_auto\" id=\"style-css-av-av_two_third-6126cab7d8fab8d08143dd2dacdf673c\">\n.flex_column.av-av_two_third-6126cab7d8fab8d08143dd2dacdf673c{\nborder-radius:0px 0px 0px 0px;\npadding:0px 0px 0px 0px;\n}\n<\/style>\n<div  class='flex_column av-av_two_third-6126cab7d8fab8d08143dd2dacdf673c av_two_third  avia-builder-el-13  el_after_av_hr  el_before_av_one_third  first flex_column_div av-zero-column-padding  '     ><p>\n<style type=\"text\/css\" data-created_by=\"avia_inline_auto\" id=\"style-css-av-av_hr-1deae294de86921cadf9622fb2da0879\">\n#top .hr.hr-invisible.av-av_hr-1deae294de86921cadf9622fb2da0879{\nheight:25px;\n}\n<\/style>\n<div  class='hr av-av_hr-1deae294de86921cadf9622fb2da0879 hr-invisible  avia-builder-el-14  el_before_av_textblock  avia-builder-el-first '><span class='hr-inner '><span class=\"hr-inner-style\"><\/span><\/span><\/div><br \/>\n<section  class='av_textblock_section av-av_textblock-396ddf1f42196ca838231e61a4602801 '   itemscope=\"itemscope\" itemtype=\"https:\/\/schema.org\/CreativeWork\" ><div class='avia_textblock'  itemprop=\"text\" ><p>Selbstverst\u00e4ndlich legen wir gro\u00dfen Wert auf individuelle Beratung f\u00fcr bestehende und potenzielle Kunden \u2013 sei es pers\u00f6nlich vor Ort, telefonisch oder \u00fcber unser Kontaktformular, immer im Dienste Ihrer Sicherheit.<\/p>\n<p>Unser Leistungsspektrum umfasst die Installation von neuen mechanischen und elektronischen Schlie\u00dfanlagen verschiedener Hersteller. Die Montage, Einrichtung und Programmierung dieser Systeme \u00fcbernehmen unsere geschulten Mitarbeiter und Techniker im Au\u00dfendienst z\u00fcgig und zuverl\u00e4ssig. Dar\u00fcber hinaus k\u00fcmmern wir uns um die kontinuierliche Wartung der Zutrittskontrollsysteme. Auch bei bestehenden Anlagen, unabh\u00e4ngig von ihrer Gr\u00f6\u00dfe und Herkunft, bieten wir umfassende Betreuungsdienste an.<\/p>\n<p>Neben Schlie\u00dfanlagen sind wir dank unseres Netzwerks regionaler und \u00fcberregionaler Partnerfirmen auch Ihr Ansprechpartner f\u00fcr Zeiterfassungssysteme und Alarmanlagen. Wir bieten konfigurierte Briefkasten- und Klingelanlagen f\u00fchrender Marken passend zu Ihren Bauprojekten sowie Tresore als Teil unseres Gesamtpakets an Dienstleistungen.<\/p>\n<p>Unser Schl\u00fcssel-Nachbestellservice f\u00fcr alle Fabrikate und die Bereitstellung von Beschilderungen f\u00fcr den Innen-, Au\u00dfen- und Objektbereich runden unser umfangreiches Leistungsportfolio ab.<\/p>\n<\/div><\/section><\/p><\/div>\n<style type=\"text\/css\" data-created_by=\"avia_inline_auto\" id=\"style-css-av-av_one_third-0aa7055fe62c3622faec82866afbaeb2\">\n.flex_column.av-av_one_third-0aa7055fe62c3622faec82866afbaeb2{\nborder-radius:0px 0px 0px 0px;\npadding:0px 0px 0px 0px;\n}\n<\/style>\n<div  class='flex_column av-av_one_third-0aa7055fe62c3622faec82866afbaeb2 av_one_third  avia-builder-el-16  el_after_av_two_third  avia-builder-el-last  flex_column_div av-zero-column-padding  '     ><div  class='avia-slideshow av-av_slideshow-c8e6524c7437166d48128d64519e8c58 avia-slideshow-portfolio av_slideshow avia-slide-slider  avia-builder-el-17  avia-builder-el-no-sibling  av-slideshow-ui av-control-hidden av-no-slider-navigation av-hide-nav-arrows av-slideshow-autoplay av-loop-endless av-loop-manual-endless av-default-height-applied avia-slideshow-1' data-slideshow-options=\"{&quot;animation&quot;:&quot;slide&quot;,&quot;autoplay&quot;:true,&quot;loop_autoplay&quot;:&quot;endless&quot;,&quot;interval&quot;:7,&quot;loop_manual&quot;:&quot;manual-endless&quot;,&quot;autoplay_stopper&quot;:false,&quot;noNavigation&quot;:true,&quot;bg_slider&quot;:false,&quot;keep_padding&quot;:false,&quot;hoverpause&quot;:false,&quot;show_slide_delay&quot;:0}\"  itemprop=\"image\" itemscope=\"itemscope\" itemtype=\"https:\/\/schema.org\/ImageObject\" ><ul class='avia-slideshow-inner ' style='padding-bottom: 80.808080808081%;'><li  class='avia-slideshow-slide av-av_slideshow-c8e6524c7437166d48128d64519e8c58__0  slide-1 slide-odd'><div data-rel='slideshow-1' class='avia-slide-wrap '   ><img fetchpriority=\"high\" class=\"wp-image-5320 avia-img-lazy-loading-not-5320\"  src='https:\/\/mahschliesstechnik.de\/wp-content\/uploads\/2019\/01\/IMG_0871-495x400.jpeg' width='495' height='400' title='IMG_0871' alt=''  itemprop=\"thumbnailUrl\"   \/><\/div><\/li><li  class='avia-slideshow-slide av-av_slideshow-c8e6524c7437166d48128d64519e8c58__1  slide-2 slide-even'><div data-rel='slideshow-1' class='avia-slide-wrap '   ><img fetchpriority=\"high\" class=\"wp-image-5326 avia-img-lazy-loading-not-5326\"  src='https:\/\/mahschliesstechnik.de\/wp-content\/uploads\/2019\/01\/IMG_0870-495x400.jpeg' width='495' height='400' title='IMG_0870' alt=''  itemprop=\"thumbnailUrl\"   \/><\/div><\/li><li  class='avia-slideshow-slide av-av_slideshow-c8e6524c7437166d48128d64519e8c58__2  slide-3 slide-odd'><div data-rel='slideshow-1' class='avia-slide-wrap '   ><img fetchpriority=\"high\" class=\"wp-image-5353 avia-img-lazy-loading-not-5353\"  src='https:\/\/mahschliesstechnik.de\/wp-content\/uploads\/2019\/01\/IMG_0869-495x400.jpeg' width='495' height='400' title='IMG_0869' alt=''  itemprop=\"thumbnailUrl\"   \/><\/div><\/li><li  class='avia-slideshow-slide av-av_slideshow-c8e6524c7437166d48128d64519e8c58__3  slide-4 slide-even'><div data-rel='slideshow-1' class='avia-slide-wrap '   ><img fetchpriority=\"high\" class=\"wp-image-4987 avia-img-lazy-loading-not-4987\"  src='https:\/\/mahschliesstechnik.de\/wp-content\/uploads\/2018\/10\/header-visual-support-495x400.jpg' width='495' height='400' title='header-visual-support' alt=''  itemprop=\"thumbnailUrl\"   \/><\/div><\/li><\/ul><div class='avia-slideshow-arrows avia-slideshow-controls' ><a href='#prev' class='prev-slide  avia-svg-icon avia-font-svg_entypo-fontello' data-av_svg_icon='left-open-big' data-av_iconset='svg_entypo-fontello' tabindex='-1' title=\"Zur\u00fcck\"><svg version=\"1.1\" xmlns=\"http:\/\/www.w3.org\/2000\/svg\" width=\"15\" height=\"32\" viewBox=\"0 0 15 32\" preserveAspectRatio=\"xMidYMid meet\" aria-labelledby='av-svg-title-1' aria-describedby='av-svg-desc-1' role=\"graphics-symbol\" aria-hidden=\"true\">\n<title id='av-svg-title-1'>Zur\u00fcck<\/title>\n<desc id='av-svg-desc-1'>Zur\u00fcck<\/desc>\n<path d=\"M14.464 27.84q0.832 0.832 0 1.536-0.832 0.832-1.536 0l-12.544-12.608q-0.768-0.768 0-1.6l12.544-12.608q0.704-0.832 1.536 0 0.832 0.704 0 1.536l-11.456 11.904z\"><\/path>\n<\/svg><span class='avia_hidden_link_text'>Zur\u00fcck<\/span><\/a><a href='#next' class='next-slide  avia-svg-icon avia-font-svg_entypo-fontello' data-av_svg_icon='right-open-big' data-av_iconset='svg_entypo-fontello' tabindex='-1' title=\"Weiter\"><svg version=\"1.1\" xmlns=\"http:\/\/www.w3.org\/2000\/svg\" width=\"15\" height=\"32\" viewBox=\"0 0 15 32\" preserveAspectRatio=\"xMidYMid meet\" aria-labelledby='av-svg-title-2' aria-describedby='av-svg-desc-2' role=\"graphics-symbol\" aria-hidden=\"true\">\n<title id='av-svg-title-2'>Weiter<\/title>\n<desc id='av-svg-desc-2'>Weiter<\/desc>\n<path d=\"M0.416 27.84l11.456-11.84-11.456-11.904q-0.832-0.832 0-1.536 0.832-0.832 1.536 0l12.544 12.608q0.768 0.832 0 1.6l-12.544 12.608q-0.704 0.832-1.536 0-0.832-0.704 0-1.536z\"><\/path>\n<\/svg><span class='avia_hidden_link_text'>Weiter<\/span><\/a><\/div><\/div><\/div><\/p>\n","protected":false},"excerpt":{"rendered":"","protected":false},"author":2,"featured_media":0,"parent":0,"menu_order":0,"comment_status":"open","ping_status":"closed","template":"","meta":{"footnotes":""},"class_list":["post-1195","page","type-page","status-publish","hentry"],"_links":{"self":[{"href":"https:\/\/mahschliesstechnik.de\/index.php\/wp-json\/wp\/v2\/pages\/1195","targetHints":{"allow":["GET"]}}],"collection":[{"href":"https:\/\/mahschliesstechnik.de\/index.php\/wp-json\/wp\/v2\/pages"}],"about":[{"href":"https:\/\/mahschliesstechnik.de\/index.php\/wp-json\/wp\/v2\/types\/page"}],"author":[{"embeddable":true,"href":"https:\/\/mahschliesstechnik.de\/index.php\/wp-json\/wp\/v2\/users\/2"}],"replies":[{"embeddable":true,"href":"https:\/\/mahschliesstechnik.de\/index.php\/wp-json\/wp\/v2\/comments?post=1195"}],"version-history":[{"count":89,"href":"https:\/\/mahschliesstechnik.de\/index.php\/wp-json\/wp\/v2\/pages\/1195\/revisions"}],"predecessor-version":[{"id":6222,"href":"https:\/\/mahschliesstechnik.de\/index.php\/wp-json\/wp\/v2\/pages\/1195\/revisions\/6222"}],"wp:attachment":[{"href":"https:\/\/mahschliesstechnik.de\/index.php\/wp-json\/wp\/v2\/media?parent=1195"}],"curies":[{"name":"wp","href":"https:\/\/api.w.org\/{rel}","templated":true}]}}