{"id":3909,"date":"2017-11-11T10:04:06","date_gmt":"2017-11-11T09:04:06","guid":{"rendered":"https:\/\/mahschliesstechnik.de\/?page_id=3909"},"modified":"2019-09-17T21:31:25","modified_gmt":"2019-09-17T19:31:25","slug":"renz-briefkasten","status":"publish","type":"page","link":"https:\/\/mahschliesstechnik.de\/index.php\/produkte-schliesssysteme\/renz-briefkasten\/","title":{"rendered":"Renz"},"content":{"rendered":"<div id='av_section_1'  class='avia-section av-av_section-34308a9d7c2dacc662a4dd8535ad44d4 alternate_color avia-section-default avia-no-shadow  avia-builder-el-0  el_before_av_section  avia-builder-el-first  avia-bg-style-scroll container_wrap sidebar_right'  ><div class='container av-section-cont-open' ><main  role=\"main\" itemprop=\"mainContentOfPage\"  class='template-page content  av-content-small alpha units'><div class='post-entry post-entry-type-page post-entry-3909'><div class='entry-content-wrapper clearfix'>\n<section  class='av_textblock_section av-av_textblock-396ddf1f42196ca838231e61a4602801 '   itemscope=\"itemscope\" itemtype=\"https:\/\/schema.org\/CreativeWork\" ><div class='avia_textblock'  itemprop=\"text\" ><h2 style=\"text-align: center;\">Renz Briefkasten und Paketkastenanlagen<\/h2>\n<\/div><\/section>\n<div  class='hr av-av_hr-4a566f4a73ae78223e1997276585dc3a hr-short  avia-builder-el-2  el_after_av_textblock  avia-builder-el-last  hr-center'><span class='hr-inner '><span class=\"hr-inner-style\"><\/span><\/span><\/div>\n<\/div><\/div><\/main><!-- close content main element --><\/div><\/div><div id='av_section_2'  class='avia-section av-av_section-e21b66684440a49bfeb269226a4c2f83 main_color avia-section-default avia-no-shadow  avia-builder-el-3  el_after_av_section  el_before_av_one_half  avia-bg-style-scroll container_wrap sidebar_right'  ><div class='container av-section-cont-open' ><div class='template-page content  av-content-small alpha units'><div class='post-entry post-entry-type-page post-entry-3909'><div class='entry-content-wrapper clearfix'>\n<div  class='flex_column av-av_one_full-2a9015ff38129c418a3f2eafba3e9512 av_one_full  avia-builder-el-4  el_before_av_hr  avia-builder-el-first  first flex_column_div  '     ><section  class='av_textblock_section av-av_textblock-396ddf1f42196ca838231e61a4602801 '   itemscope=\"itemscope\" itemtype=\"https:\/\/schema.org\/CreativeWork\" ><div class='avia_textblock'  itemprop=\"text\" ><p>Mit <strong>Briefkasten<\/strong> und <strong>Paketkasten von Renz<\/strong> empfangen UND versenden Sie bequem DHL Pakete von zuhause aus.<\/p>\n<p>Die Post-Tochter DHL bearbeitete eigenen Angaben zufolge den Postweg von mehr als 1 Milliarde Paketen im vergangenen Jahr. Eine Rekordzahl, die durch den Boom des Online-Handels entscheidend beeinflusst wurde.<\/p>\n<p>Der Paketkasten von Renz ist die logische Konsequenz aus diesem Trend. Die L\u00f6sung erm\u00f6glicht, dass Pakete genauso stressfrei empfangen und verschickt werden k\u00f6nnen wie Briefe. Nun gibt es den Renz-Paketkasten auch mit integriertem Paketkastenschloss von DHL, wodurch die f\u00fcr den Bezirk zust\u00e4ndigen DHL-Boten erfolgreich DHL-Lieferungen darin ablegen\u00a0k\u00f6nnen.\u00a0Mit der\u00a0integrierten DHL-Funktionalit\u00e4t kann der Empf\u00e4nger zudem\u00a0Pakete oder Retouren auch von zuhause abholen lassen, indem er sein Paket in den Paketkasten legt.<\/p>\n<\/div><\/section><\/div>\n<style type=\"text\/css\" data-created_by=\"avia_inline_auto\" id=\"style-css-av-av_hr-4474f20d2389e2e5ecf918a02da5132e\">\n#top .hr.hr-invisible.av-av_hr-4474f20d2389e2e5ecf918a02da5132e{\nheight:50px;\n}\n<\/style>\n<div  class='hr av-av_hr-4474f20d2389e2e5ecf918a02da5132e hr-invisible  avia-builder-el-6  el_after_av_one_full  el_before_av_one_full '><span class='hr-inner '><span class=\"hr-inner-style\"><\/span><\/span><\/div>\n\n<style type=\"text\/css\" data-created_by=\"avia_inline_auto\" id=\"style-css-av-av_one_full-6126cab7d8fab8d08143dd2dacdf673c\">\n.flex_column.av-av_one_full-6126cab7d8fab8d08143dd2dacdf673c{\nborder-radius:0px 0px 0px 0px;\npadding:0px 0px 0px 0px;\n}\n<\/style>\n<div  class='flex_column av-av_one_full-6126cab7d8fab8d08143dd2dacdf673c av_one_full  avia-builder-el-7  el_after_av_hr  avia-builder-el-last  first flex_column_div av-zero-column-padding  '     ><style type=\"text\/css\" data-created_by=\"avia_inline_auto\" id=\"style-css-av-av_image-87c95e7e05afc014f2f74799aec520e5\">\n.avia-image-container.av-av_image-87c95e7e05afc014f2f74799aec520e5 img.avia_image{\nbox-shadow:none;\n}\n.avia-image-container.av-av_image-87c95e7e05afc014f2f74799aec520e5 .av-image-caption-overlay-center{\ncolor:#ffffff;\n}\n<\/style>\n<div  class='avia-image-container av-av_image-87c95e7e05afc014f2f74799aec520e5 av-styling- avia-align-center  avia-builder-el-8  avia-builder-el-no-sibling '   itemprop=\"image\" itemscope=\"itemscope\" itemtype=\"https:\/\/schema.org\/ImageObject\" ><div class=\"avia-image-container-inner\"><div class=\"avia-image-overlay-wrap\"><img fetchpriority=\"high\" class='wp-image-3916 avia-img-lazy-loading-not-3916 avia_image ' src='https:\/\/mahschliesstechnik.de\/wp-content\/uploads\/2017\/11\/Renz-Pakete.jpg' alt='Renz Pakete' title='Renz Pakete'  height=\"406\" width=\"1200\"  itemprop=\"thumbnailUrl\"  \/><\/div><\/div><\/div><\/div><\/div><\/div><\/div><!-- close content main div --><\/div><\/div><div id='after_section_2'  class='main_color av_default_container_wrap container_wrap sidebar_right'  ><div class='container av-section-cont-open' ><div class='template-page content  av-content-small alpha units'><div class='post-entry post-entry-type-page post-entry-3909'><div class='entry-content-wrapper clearfix'><div  class='flex_column av-av_one_half-2a9015ff38129c418a3f2eafba3e9512 av_one_half  avia-builder-el-9  el_after_av_section  el_before_av_one_half  avia-builder-el-first  first flex_column_div  '     ><section  class='av_textblock_section av-av_textblock-396ddf1f42196ca838231e61a4602801 '   itemscope=\"itemscope\" itemtype=\"https:\/\/schema.org\/CreativeWork\" ><div class='avia_textblock'  itemprop=\"text\" ><h2><\/h2>\n<h2><\/h2>\n<h2>Bleiben Sie mobil und flexibel<\/h2>\n<p>F\u00fcr Projekte au\u00dferhalb des Firmengel\u00e4ndes eines Unternehmens stellt eine mobile myRENZbox die ideale L\u00f6sung dar. Post, Pakete und Waren k\u00f6nnen dort empfangen und auch versendet werden, wo Sie gerade aktiv sind. Ohne Zeitverlust, rund um die Uhr, diskret und sicher. Auch andere Unternehmen lassen sich in die Nutzung mit einbinden. Und wenn Sie den Standort wechseln, zieht die mobile myRENZbox ganz einfach mit Ihnen um. Aber nicht nur als \u00dcbergabeplattform ist die myRENZbox einsetzbar, sondern auch als intelligente Schlie\u00dffachanlage f\u00fcr Events wie Festivals, Konzerte oder Gartenschauen.<\/p>\n<h2>Die mobile myRENZbox liebt Ortswechsel<\/h2>\n<p>Die mobile myRENZbox kann einfach per Ladekran oder Stapler am gew\u00fcnschten Einsatzort aufgestellt werden. Durch die spezielle Konstruktion ist kein Fundament erforderlich, was die Auswahl des Aufstellortes sehr unkompliziert macht. Zudem ist der Einsatz bis Windlastzone 3 serienm\u00e4\u00dfig gestattet, h\u00f6here Anforderungen sind auf Anfrage nat\u00fcrlich umsetzbar. Die Installation und Inbetriebnahme vor Ort geht z\u00fcgig und erm\u00f6glicht damit einen schnell wechselnden Betrieb zum Beispiel auf unterschiedlichen Baustellen oder Events.<\/p>\n<h2>Hier findet alles einen sicheren Platz<\/h2>\n<p>Ob Spezialschrauben, Ersatzteile oder Rucks\u00e4cke \u2013 die myRENZbox ist mit unterschiedlich gro\u00dfen F\u00e4chern ausgestattet, ganz nach Ihrem Bedarf. Mit einer Tiefe von 75 cm k\u00f6nnen die Boxen mit einem gro\u00dfen Fassungsverm\u00f6gen \u00fcberzeugen. F\u00fcr alle, die besonders Gro\u00dfes vorhaben, bieten wir Fachgr\u00f6\u00dfen bis zu zwei Metern H\u00f6he an. Trotzdem bleiben die Au\u00dfenma\u00dfe der myRENZbox kompakt, da die einzelnen F\u00e4cher dynamisch zugewiesen und damit optimal ausgenutzt werden.<\/p>\n<\/div><\/section><\/div><div  class='flex_column av-av_one_half-1c47c10d9dd6b9bc0b68f292c1cf5942 av_one_half  avia-builder-el-11  el_after_av_one_half  el_before_av_section  avia-builder-el-last  flex_column_div  '     ><section  class='av_textblock_section av-av_textblock-396ddf1f42196ca838231e61a4602801 '   itemscope=\"itemscope\" itemtype=\"https:\/\/schema.org\/CreativeWork\" ><div class='avia_textblock'  itemprop=\"text\" ><h2><\/h2>\n<h2><\/h2>\n<h2>Offen f\u00fcr DHL, ParcelLock und andere Dienstleistern<\/h2>\n<p>Mit einer myRENZbox k\u00f6nnen Sie Waren und Pakete von allen Dienstleistern und Logistikern empfangen und bei Bedarf auch versenden. Dank enger Kooperation mit DHL und ParcelLock (DPD, GLS und Hermes) wurden deren Zustellprozesse in die Systemplattform eingebunden. Als \u00dcbergabe-Plattform steht die myRENZbox aber allen Zusteller offen \u2013 Logistikunternehmen ebenso wie Handwerker-Stores aus der Umgebung und weiteren Lieferanten.<\/p>\n<h2>Flexibel konfigurierbar f\u00fcr Ihre Bed\u00fcrfnisse<\/h2>\n<p>Die mobilen myRENZbox Paketkastenanlagen k\u00f6nnen aus unserem Standardprogramm modular zusammengestellt werden und sind in jeglicher Gr\u00f6\u00dfe, Farbe, Form und Variation erh\u00e4ltlich. Damit kann es ganz nach Ihrem Einsatzzweck angepasst werden.<\/p>\n<h2>Einfach zu bedienen und jederzeit nachverfolgbar<\/h2>\n<p>Die Bedienung der myRENZbox erfolgt ganz einfach \u00fcber das 8-Zoll-Touchscreen und \u00fcber die myRENZbox App. Sie erhalten per Push-Nachricht die Mitteilung bei einer Anlieferung und k\u00f6nnen sich dann an der Box mittels App authentifizieren, um die Ware zu entnehmen. Dar\u00fcber hinaus besteht die M\u00f6glichkeit Mitarbeitern oder Lieferanten PINs f\u00fcr die Anlieferung oder Abholung zuzuweisen, sodass die Bedienung der myRENZbox auch ohne Smartphone m\u00f6glich ist. Dies kann man bequem online \u00fcber das myRENZbox-Portal erledigen.<\/p>\n<p>Und wenn Sie im Nachhinein wissen m\u00f6chten, ob etwas angeliefert oder entnommen wurde, k\u00f6nnen Sie dies in der Event-Log-Historie sehen. Dort sind alle Zustellungen und Abholungen gespeichert.<\/p>\n<\/div><\/section><\/div><\/div><\/div><\/div><!-- close content main div --><\/div><\/div><div id='av_section_3'  class='avia-section av-av_section-34308a9d7c2dacc662a4dd8535ad44d4 alternate_color avia-section-default avia-no-shadow  avia-builder-el-13  el_after_av_one_half  el_before_av_one_half  avia-bg-style-scroll container_wrap sidebar_right'  ><div class='container av-section-cont-open' ><div class='template-page content  av-content-small alpha units'><div class='post-entry post-entry-type-page post-entry-3909'><div class='entry-content-wrapper clearfix'>\n<section  class='av_textblock_section av-av_textblock-396ddf1f42196ca838231e61a4602801 '   itemscope=\"itemscope\" itemtype=\"https:\/\/schema.org\/CreativeWork\" ><div class='avia_textblock'  itemprop=\"text\" ><h2 class=\"p1\" style=\"text-align: center;\"><span class=\"s1\">&#8222;Briefkastennorm&#8220; DIN EN 13724<\/span><\/h2>\n<\/div><\/section>\n<div  class='hr av-av_hr-4a566f4a73ae78223e1997276585dc3a hr-short  avia-builder-el-15  el_after_av_textblock  avia-builder-el-last  hr-center'><span class='hr-inner '><span class=\"hr-inner-style\"><\/span><\/span><\/div>\n<\/div><\/div><\/div><!-- close content main div --><\/div><\/div><div id='after_section_3'  class='main_color av_default_container_wrap container_wrap sidebar_right'  ><div class='container av-section-cont-open' ><div class='template-page content  av-content-small alpha units'><div class='post-entry post-entry-type-page post-entry-3909'><div class='entry-content-wrapper clearfix'><\/p>\n\n<style type=\"text\/css\" data-created_by=\"avia_inline_auto\" id=\"style-css-av-av_one_half-6126cab7d8fab8d08143dd2dacdf673c\">\n.flex_column.av-av_one_half-6126cab7d8fab8d08143dd2dacdf673c{\nborder-radius:0px 0px 0px 0px;\npadding:0px 0px 0px 0px;\n}\n<\/style>\n<div  class='flex_column av-av_one_half-6126cab7d8fab8d08143dd2dacdf673c av_one_half  avia-builder-el-16  el_after_av_section  el_before_av_two_fifth  avia-builder-el-first  first flex_column_div av-zero-column-padding  '     ><p><section  class='av_textblock_section av-av_textblock-396ddf1f42196ca838231e61a4602801 '   itemscope=\"itemscope\" itemtype=\"https:\/\/schema.org\/CreativeWork\" ><div class='avia_textblock'  itemprop=\"text\" ><p>Bei der Planung einer Briefkastenanlage sollten Sie unbedingt die derzeit g\u00fcltige DIN EN 13724 (auch &#8222;Briefkastennorm&#8220; genannt)\u00a0beachten, damit Sie bzw. Ihr Mieter keine Probleme beim Postempfang haben.<\/p>\n<\/div><\/section><br \/>\n\n<style type=\"text\/css\" data-created_by=\"avia_inline_auto\" id=\"style-css-av-av_hr-d50449065512dfb87382cb0128eaa335\">\n#top .hr.hr-invisible.av-av_hr-d50449065512dfb87382cb0128eaa335{\nheight:100px;\n}\n<\/style>\n<div  class='hr av-av_hr-d50449065512dfb87382cb0128eaa335 hr-invisible  avia-builder-el-18  el_after_av_textblock  el_before_av_textblock '><span class='hr-inner '><span class=\"hr-inner-style\"><\/span><\/span><\/div><br \/>\n<section  class='av_textblock_section av-av_textblock-396ddf1f42196ca838231e61a4602801 '   itemscope=\"itemscope\" itemtype=\"https:\/\/schema.org\/CreativeWork\" ><div class='avia_textblock'  itemprop=\"text\" ><h3>Ein\u00a0Briefkasten nach DIN EN 13724 garantiert Ihnen:<\/h3>\n<ul>\n<li>Problemlose Postzustellung ohne geknickte Briefe oder pers\u00f6nliche Abholung in einer Post-Filiale, z. B. bei gro\u00dfen DIN-C4-Umschl\u00e4gen<\/li>\n<li>Gen\u00fcgend Stauraum f\u00fcr h\u00f6heres Postvolumen<\/li>\n<li>Kein \u00c4rger mit nasser Post<\/li>\n<li>Beste Qualit\u00e4t durch festgelegte und gepr\u00fcfte Materialien<\/li>\n<li>Sicherheit vor Mietminderungen durch genormte Briefk\u00e4sten<\/li>\n<\/ul>\n<\/div><\/section><\/p><\/div>\n\n<style type=\"text\/css\" data-created_by=\"avia_inline_auto\" id=\"style-css-av-av_two_fifth-0aa7055fe62c3622faec82866afbaeb2\">\n.flex_column.av-av_two_fifth-0aa7055fe62c3622faec82866afbaeb2{\nborder-radius:0px 0px 0px 0px;\npadding:0px 0px 0px 0px;\n}\n<\/style>\n<div  class='flex_column av-av_two_fifth-0aa7055fe62c3622faec82866afbaeb2 av_two_fifth  avia-builder-el-20  el_after_av_one_half  el_before_av_hr  flex_column_div av-zero-column-padding  '     ><style type=\"text\/css\" data-created_by=\"avia_inline_auto\" id=\"style-css-av-av_image-6a130258f0f13efc6b15bbb24682046c\">\n.avia-image-container.av-av_image-6a130258f0f13efc6b15bbb24682046c img.avia_image{\nbox-shadow:none;\n}\n.avia-image-container.av-av_image-6a130258f0f13efc6b15bbb24682046c .av-image-caption-overlay-center{\ncolor:#ffffff;\n}\n<\/style>\n<div  class='avia-image-container av-av_image-6a130258f0f13efc6b15bbb24682046c av-styling- avia-align-center  avia-builder-el-21  avia-builder-el-no-sibling '   itemprop=\"image\" itemscope=\"itemscope\" itemtype=\"https:\/\/schema.org\/ImageObject\" ><div class=\"avia-image-container-inner\"><div class=\"avia-image-overlay-wrap\"><img fetchpriority=\"high\" class='wp-image-3914 avia-img-lazy-loading-not-3914 avia_image ' src='https:\/\/mahschliesstechnik.de\/wp-content\/uploads\/2017\/11\/Renz-Bewertungen.jpg' alt='Renz Bewertungen' title='Renz Bewertungen'  height=\"765\" width=\"750\"  itemprop=\"thumbnailUrl\"  \/><\/div><\/div><\/div><\/div>\n\n<style type=\"text\/css\" data-created_by=\"avia_inline_auto\" id=\"style-css-av-av_hr-d50449065512dfb87382cb0128eaa335\">\n#top .hr.hr-invisible.av-av_hr-d50449065512dfb87382cb0128eaa335{\nheight:100px;\n}\n<\/style>\n<div  class='hr av-av_hr-d50449065512dfb87382cb0128eaa335 hr-invisible  avia-builder-el-22  el_after_av_two_fifth  el_before_av_three_fifth '><span class='hr-inner '><span class=\"hr-inner-style\"><\/span><\/span><\/div>\n\n<style type=\"text\/css\" data-created_by=\"avia_inline_auto\" id=\"style-css-av-av_three_fifth-6126cab7d8fab8d08143dd2dacdf673c\">\n.flex_column.av-av_three_fifth-6126cab7d8fab8d08143dd2dacdf673c{\nborder-radius:0px 0px 0px 0px;\npadding:0px 0px 0px 0px;\n}\n<\/style>\n<div  class='flex_column av-av_three_fifth-6126cab7d8fab8d08143dd2dacdf673c av_three_fifth  avia-builder-el-23  el_after_av_hr  el_before_av_two_fifth  first flex_column_div av-zero-column-padding  '     ><style type=\"text\/css\" data-created_by=\"avia_inline_auto\" id=\"style-css-av-av_image-a392754de01614c8608bbb7e0543d0e3\">\n.avia-image-container.av-av_image-a392754de01614c8608bbb7e0543d0e3 img.avia_image{\nbox-shadow:none;\n}\n.avia-image-container.av-av_image-a392754de01614c8608bbb7e0543d0e3 .av-image-caption-overlay-center{\ncolor:#ffffff;\n}\n<\/style>\n<div  class='avia-image-container av-av_image-a392754de01614c8608bbb7e0543d0e3 av-styling- avia-align-center  avia-builder-el-24  avia-builder-el-no-sibling '   itemprop=\"image\" itemscope=\"itemscope\" itemtype=\"https:\/\/schema.org\/ImageObject\" ><div class=\"avia-image-container-inner\"><div class=\"avia-image-overlay-wrap\"><img fetchpriority=\"high\" class='wp-image-3917 avia-img-lazy-loading-not-3917 avia_image ' src='https:\/\/mahschliesstechnik.de\/wp-content\/uploads\/2017\/11\/Renz-Plan-S.png' alt='Renz Modell Plan S' title='Renz Modell Plan S'  height=\"216\" width=\"500\"  itemprop=\"thumbnailUrl\"  \/><\/div><\/div><\/div><\/div>\n\n<style type=\"text\/css\" data-created_by=\"avia_inline_auto\" id=\"style-css-av-av_two_fifth-0aa7055fe62c3622faec82866afbaeb2\">\n.flex_column.av-av_two_fifth-0aa7055fe62c3622faec82866afbaeb2{\nborder-radius:0px 0px 0px 0px;\npadding:0px 0px 0px 0px;\n}\n<\/style>\n<div  class='flex_column av-av_two_fifth-0aa7055fe62c3622faec82866afbaeb2 av_two_fifth  avia-builder-el-25  el_after_av_three_fifth  avia-builder-el-last  flex_column_div av-zero-column-padding  '     ><section  class='av_textblock_section av-av_textblock-396ddf1f42196ca838231e61a4602801 '   itemscope=\"itemscope\" itemtype=\"https:\/\/schema.org\/CreativeWork\" ><div class='avia_textblock'  itemprop=\"text\" ><h3>\u00a7 Mieturteile zur DIN EN 13724:<\/h3>\n<p>\u201eTreten durch die vom Vermieter installierte Briefkastenanlage\u00a0Probleme bei der Zustellung von Zeitschriften oder DIN-A4-Umschl\u00e4gen auf, so ist eine monatliche Minderung angemessen.\u201c (K\u00f6ln AP, Az. 29520\/90)<\/p>\n<p>\u201eEin Briefkasten geh\u00f6rt zur Ausstattung einer Mietwohnung. Wenn er nur schwer zu \u00f6ffnen ist und bei Regen eingelegte\u00a0Post durchn\u00e4sst wird, liegt ein Mangel vor, der zur Minderung\u00a0in H\u00f6he von einem Prozent des Mietzinses berechtigt. (AG Mainz, 8 C 98\/96)<\/p>\n<\/div><\/section><\/div>\n","protected":false},"excerpt":{"rendered":"","protected":false},"author":2,"featured_media":0,"parent":3526,"menu_order":0,"comment_status":"closed","ping_status":"closed","template":"","meta":{"footnotes":""},"class_list":["post-3909","page","type-page","status-publish","hentry"],"_links":{"self":[{"href":"https:\/\/mahschliesstechnik.de\/index.php\/wp-json\/wp\/v2\/pages\/3909","targetHints":{"allow":["GET"]}}],"collection":[{"href":"https:\/\/mahschliesstechnik.de\/index.php\/wp-json\/wp\/v2\/pages"}],"about":[{"href":"https:\/\/mahschliesstechnik.de\/index.php\/wp-json\/wp\/v2\/types\/page"}],"author":[{"embeddable":true,"href":"https:\/\/mahschliesstechnik.de\/index.php\/wp-json\/wp\/v2\/users\/2"}],"replies":[{"embeddable":true,"href":"https:\/\/mahschliesstechnik.de\/index.php\/wp-json\/wp\/v2\/comments?post=3909"}],"version-history":[{"count":6,"href":"https:\/\/mahschliesstechnik.de\/index.php\/wp-json\/wp\/v2\/pages\/3909\/revisions"}],"predecessor-version":[{"id":5875,"href":"https:\/\/mahschliesstechnik.de\/index.php\/wp-json\/wp\/v2\/pages\/3909\/revisions\/5875"}],"up":[{"embeddable":true,"href":"https:\/\/mahschliesstechnik.de\/index.php\/wp-json\/wp\/v2\/pages\/3526"}],"wp:attachment":[{"href":"https:\/\/mahschliesstechnik.de\/index.php\/wp-json\/wp\/v2\/media?parent=3909"}],"curies":[{"name":"wp","href":"https:\/\/api.w.org\/{rel}","templated":true}]}}